).
3
Suppose 2*u = -u. Let v be (u + -18)/1 + -2. List the prime factors of (-5)/2*176/v.
2, 11
Suppose -2*n + k = -397, n - 62 = k + 137. What are the prime factors of n?
2, 3, 11
Let u(f) = 7*f**2 - 24*f + 100. List the prime factors of u(12).
2, 5, 41
Let k = 33 - 33. Let b be k/(4/2 + -4). Let i(j) = -j**3 - j**2 + 2*j + 64. List the prime factors of i(b).
2
Suppose 5*v + 3 = 13. Suppose -8 = -v*m - 2*l, -5*m + 3*l = -3*m - 8. Let p(o) = o**2 - 4*o + 6. What are the prime factors of p(m)?
2, 3
Suppose -30*j - 7870 = -35*j. Suppose -15*b = -571 - j. What are the prime factors of b?
11, 13
Let v(y) be the second derivative of y**4/4 + y**3/6 + 2*y**2 - y. Let h = 848 - 851. What are the prime factors of v(h)?
2, 7
Suppose -4*i + 7*i = 2*o, 0 = -4*o. Suppose 3*h + 4*b - 140 = 0, i*b = -2*h + 5*b + 55. List the prime factors of h.
2, 5
Let h = -1032 + 1607. List the prime factors of h.
5, 23
Let v(g) = 0*g**3 - 20*g**2 + 5 + g - 2*g**3 + 18*g**2. What are the prime factors of v(-3)?
2, 19
Suppose -211 = -q - 2*b + 207, 1270 = 3*q - 2*b. Suppose 6*o - q = 4*o. Suppose -3 + o = 4*y. List the prime factors of y.
2, 13
Let d(r) = -r + 1. Let v be d(-6). Let z(i) = i**3 - 9*i**2 + 9*i + 7. Let m be z(v). Let o = -13 - m. List the prime factors of o.
3, 5
Let f = -52 - -52. Suppose -2*d = -f*c - 4*c + 274, -5*c = d - 346. List the prime factors of c.
3, 23
Suppose -2*n = -59 + 49. List the prime factors of 249/6*(-1 + n).
2, 83
Let k(i) = -2*i**2 + 23*i - 3. Let v be k(18). Let z = 514 + v. What are the prime factors of z?
277
Let j be (3/(-3) - 0)*-1. Let o be (-3)/((2 - 3)*j). List the prime factors of (o + 23)/(1 - -1).
13
Suppose 63 = -10*r + 7*r. Let t = r + 30. List the prime factors of t.
3
Suppose -2*s = -3*b + 82, b - 2*b - s + 34 = 0. Suppose 42 = -3*t - b. What are the prime factors of t/108 - 227/(-9)?
5
Let m be ((-9)/(-6))/(6/(-376)). Let r = m + 136. Let g = 82 - r. What are the prime factors of g?
2, 5
Suppose 13*a = 24*a - 20779. List the prime factors of a.
1889
Suppose -4*u = -3*b + 1626, -2*b + 8*u + 1088 = 4*u. List the prime factors of b.
2, 269
What are the prime factors of -2852*(4 + (-45)/10)?
2, 23, 31
Let o(y) = 905*y**2 + 15*y + 15. List the prime factors of o(-1).
5, 181
Suppose 0 = 11*z - 16*z + 15. Suppose -u - j = -55, 10 = -z*j + 1. What are the prime factors of u?
2, 29
Let o be 3*((-26)/(-3))/1. What are the prime factors of (-4)/o + 465/65?
7
Suppose -3*c - 21 = -4*w + 5, 0 = c + 2. Suppose -4*g + 84 = m, -3*m + m = w*g - 159. List the prime factors of m.
2, 3
Suppose 6*r = -1104 + 300. Let m = 139 + r. What are the prime factors of m?
5
What are the prime factors of -24 + 22 - (2 + 40*-11)?
2, 109
Let q(i) = i - 12. Let g be q(15). Suppose -2*r + 7 = 3*j - 9, -r + 11 = g*j. Suppose -3*k + 37 = -j*f, -k = -5*f - 13 - 8. List the prime factors of k.
11
Let r(k) = k - 4. Let t be r(4). Let v be 3 + t/(1 - -2). What are the prime factors of (2/v)/(10/75)?
5
Suppose -33 = w + 3*n, -3*w - n = 2*n + 129. What are the prime factors of 170*(w/(-20) - 2)?
2, 17
Let l(r) = -499*r - 3. List the prime factors of l(-1).
2, 31
Let z = 353 - -227. List the prime factors of z.
2, 5, 29
Suppose -5*x + 5*s - 3*s = -28, 8 = 3*x + s. List the prime factors of 118/x*-1*(42 - 48).
3, 59
Suppose 6*p + 148 = 2*p. List the prime factors of 2*(-2)/4 - p.
2, 3
Suppose 0 = 10*v - 18509 - 7501. List the prime factors of v.
3, 17
Suppose 0 = -3*q - o + 30 + 4, 5*o = -4*q + 49. Let v be ((-6)/9)/(1/267). List the prime factors of q/55 + v/(-10).
2, 3
Let h = -6 - -6. Suppose 2*d + 2 = 6, -5*k + 17 = -4*d. Suppose 0*z - 4 = -z + f, h = k*f. What are the prime factors of z?
2
Let k(q) = 671*q**3 - 4*q**2 + 4*q - 1. List the prime factors of k(1).
2, 5, 67
List the prime factors of (-2)/14 - 1161185/(-665).
2, 3, 97
Suppose 5*z + 16 = 2*h, 7 = -5*z - h - 0. Let j be z/3*-3 - 0. Suppose 0*q - j*m = 2*q - 28, 3*q = 3*m + 42. What are the prime factors of q?
2, 7
Let h be 279*-3*(-2)/(-18). Let f = h + 96. List the prime factors of f.
3
Let z(b) = -2*b**2 - 14*b + 6. Let g be z(-7). What are the prime factors of ((-508)/g)/(4/(-6)) + -2?
5
Let i = -130 + 133. Suppose 2*u + 560 = i*l, -889 = -4*l - 4*u - 169. List the prime factors of l.
2, 23
Suppose -9*s - 6*s = -14865. What are the prime factors of s?
991
Suppose 0 = -4*s - 5*f - 532 + 61, s + 111 = f. Let o = s + 202. What are the prime factors of o?
2, 11
Let x = 5642 + -2156. What are the prime factors of x?
2, 3, 7, 83
Let f be (4/5)/((-5)/(-900)). Suppose 8*x - 5*x = f. Suppose 0*b - 3*b + x = 0. List the prime factors of b.
2
Let m = 122 + 452. What are the prime factors of m?
2, 7, 41
Let w be ((-11)/33)/((-2)/(-1266)). Let l = 325 + w. List the prime factors of l.
2, 3, 19
What are the prime factors of (-18)/(-3) + (-25308)/((-90)/10)?
2, 1409
Suppose -14141 + 43101 = 32*t. List the prime factors of t.
5, 181
What are the prime factors of ((-24)/(-9))/((-2)/264*-4)?
2, 11
Suppose 31 = z - 0*z. Let l be (-135 - -3)/(-3)*1. Let p = l - z. What are the prime factors of p?
13
Let h(g) be the third derivative of 1/4*g**4 + 5/6*g**3 + 7/60*g**5 + 0 + 1/120*g**6 + 0*g - 7*g**2. What are the prime factors of h(-5)?
5
Let f(w) = 310*w**2 - 37*w + 93. List the prime factors of f(4).
3, 5, 109
Let r(s) = 528*s**3 + s**2 + 4*s - 4. List the prime factors of r(1).
23
Let t = -75 - -26. Let f = t - -101. What are the prime factors of f?
2, 13
Let p(h) = 9*h**2 + 2*h - 1. Let t be p(1). List the prime factors of (-39 + -1)*t/(-8).
2, 5
Let h = 1058 + -1487. Let j = 655 + h. List the prime factors of j.
2, 113
Suppose -15*a + 31567 = 9697. List the prime factors of a.
2, 3
Let j = 39 + -13. Let a = 31 - j. Suppose 2*s = a*u - 28, 9*u + 4*s = 4*u + 4. List the prime factors of u.
2
Suppose 3*i = 303 - 96. Suppose 3*x - 17 - 52 = 5*t, -3*x = 5*t - i. What are the prime factors of x?
23
Suppose -114*u + 12999 = -107*u. What are the prime factors of u?
3, 619
Suppose -x - 584 = -4*o + 696, 3*o - 5*x = 960. Suppose 2*j = 4*j - o. List the prime factors of j.
2, 5
Let c(q) = -7*q - 68. Let k be c(-8). What are the prime factors of -6*8/k + (97 - 1)?
2, 5
Let b(z) = z - 16. Let x be b(12). What are the prime factors of (x/(-10))/(1/165)?
2, 3, 11
Let x(l) = -l**2 + 10*l + 7. Let d be x(8). Let v = d - 9. Let n = v + -8. List the prime factors of n.
2, 3
Let b(f) = -f**3 - 10*f**2 + 12*f + 16. Let n be b(-11). Suppose -356 = -n*d - 2*i, 4*d + 3*i = -d + 354. List the prime factors of d.
2, 3
Let n(j) = 0 + 2 + 5*j**2 - j - 6 - 4*j**2. List the prime factors of n(7).
2, 19
Let g(x) be the first derivative of x**4/4 - 11*x**3/3 + 3*x**2/2 - 2*x - 14. List the prime factors of g(11).
31
Let v be ((-2)/7)/(1/21*-3). Let h(y) = 38*y**3 + 3*y**2 + 1. What are the prime factors of h(v)?
317
Suppose -51*j = -54*j + 1029. Suppose 677 = 4*u + v, -2*u - 7*v + j = -2*v. List the prime factors of u.
13
Suppose -3*k = -15, 2*l + 3*k = -3*l + 25. Suppose n + 5 - 38 = -b, l*n = -3*b + 71. What are the prime factors of n?
2, 7
Suppose 3*l + 272 = 5*c, -4*l + 4*c + 0*c = 352. Let i = -36 - 22. Let x = i - l. List the prime factors of x.
2, 13
Let t(w) = w**2 + 5*w - 4. Let i be t(3). Suppose -7*j - i = -12*j. Suppose 6*q - j = 5*q. What are the prime factors of q?
2
Let y = -55 - -58. Suppose 0 = -f + 2 + 3. Suppose -j + y*c + 0*c = -48, -4*j + 199 = -f*c. What are the prime factors of j?
3, 17
Let n(k) = 6*k**2 - 2*k**2 - 15*k + 18*k + 12*k**3 - 3*k**2. List the prime factors of n(2).
2, 53
Let s = 6 + 4. Let h = -15 + s. Let b = 0 - h. What are the prime factors of b?
5
Suppose 3*j - 31 = 5*p, 2*p = -3*j - 0*j - 4. Suppose -j*q - 25 - 15 = 0. List the prime factors of q/(-50) - (-23)/5.
5
Suppose 5*s = -4*i + 424, -2*i = s - 6*i - 80. Suppose 2*k = -4*r + s, -2*r = k + 3*r - 54. List the prime factors of (k/(-6))/(2/(-6)).
17
Suppose v - 238 + 44 = 3*i, 0 = -2*i. Let y = 318 - v. What are the prime factors of y?
2, 31
Suppose 1 + 23 = 3*q. Suppose 0 = -f + q + 2. List the prime factors of f.
2, 5
Suppose 2*m + 13 = -2*c + 3*m, 0 = 5*c + 5*m + 55. Let k(l) = -15*l - 35. What are the prime factors of k(c)?
5, 17
Let j(n) be the third derivative of -6*n**2 + 0*n**5 + 0 + 1/6*n**3 + 0*n**4 + 0*n + 19/60*n**6. List the prime fact